f 108 and t.
12
Let x(f) = f + 21. Let l = 69 - 83. Let b be x(l). Suppose 3*a - 44 = b. What is the greatest common factor of a and 17?
17
Suppose 10*r - 7632 = -38*r. What is the highest common factor of 6 and r?
3
Let i(f) = 34*f**3 + 2*f**2 + 10*f + 4. Let p be i(4). Calculate the greatest common factor of 4 and p.
4
Let v be ((-17)/((-833)/(-84)))/(4/(-154)). Calculate the greatest common factor of 374 and v.
22
Suppose -4*x + 128 = 5*k - 242, -x = 2*k - 94. Calculate the highest common factor of 1110 and x.
30
Suppose 795*f - 793*f + 259 = m, -4*f - 777 = -3*m. Let g be 183/5 - 4/(-10). Calculate the highest common divisor of g and m.
37
Suppose 4*i + 31*i - 105 = 0. Suppose -2*d = -5*l + l - 48, 5*d - i*l = 141. What is the greatest common factor of 70 and d?
10
Suppose 4*i = 1 + 31. Let v = -20467 + 20619. What is the greatest common divisor of i and v?
8
Suppose 3*o - 45 - 99 = 0. Let z(g) = g**2 + 28*g - 124. Let b be z(4). Let x be -1 - (b - 5) - (1 + -7). Calculate the greatest common factor of x and o.
6
Let c = -4898 - -5104. What is the highest common divisor of c and 3193?
103
Suppose 0 = 2*f - 3*s - 69, 0 = -2*f - 3*s + 10 + 41. Suppose 0 = 4*b + b + 60. Let y be (1 + 2)*(-160)/b. What is the highest common factor of y and f?
10
Let z be 2*((-4)/(-6))/((-5)/(-15)). Suppose -3*i - 2*t = -604, z*t - 2*t + 188 = i. What is the highest common divisor of 36 and i?
18
Let f(p) = 1 - 5*p + 0 + 7*p**2 + 7*p. Let n be f(2). Let m = -12946 - -12957. What is the greatest common factor of n and m?
11
Suppose -7*w - 1788 = -w - 5508. What is the highest common factor of 260 and w?
20
Suppose 6*b - 4638 = 4*t, -b = -5*t + 32 - 792. Calculate the greatest common factor of 25 and b.
25
Let d be ((-12)/(-18))/(12/72). Calculate the greatest common factor of 359 and d.
1
Let t be (((-30)/12)/1)/((-1)/(-2)). Let j = t + 59. Calculate the greatest common factor of j and 6.
6
Let y be -1 - (-7)/3 - 2 - (-1926338)/3207. What is the greatest common factor of y and 1725?
75
Let c(f) = f**2 + 27*f - 844. Let i be c(41). What is the greatest common factor of 24 and i?
24
Suppose -23*i = -12*i - 231. Suppose -i*z + 21 = -231. What is the greatest common factor of 32 and z?
4
Let s be (-2 - 0)/((-16)/120). Suppose -802 + 28 = -129*u. What is the greatest common divisor of u and s?
3
Let t(m) = 4*m - 7. Let c be t(3). Suppose r + c + 5 = 2*b, 5 = -3*r + b. Suppose r = -4*y + 7*y - 120. What is the greatest common factor of 16 and y?
8
Let n(l) = 3*l**2 + 10*l - 9. Let t(p) = -2*p**2 - 2*p + 5. Let h be t(2). Let z be n(h). Calculate the greatest common divisor of z and 68.
68
Suppose 0*f - 5*f + 965 = 0. Suppose 18*n - 517 + f = 0. What is the greatest common factor of n and 54?
18
Let j = 55 - 50. Suppose -2*l + 1 = -5*r - 8, 4*l - 23 = j*r. Calculate the highest common factor of 1 and l.
1
Let n = 27901 - 27041. Calculate the greatest common divisor of n and 5.
5
Suppose 2*f - 1 - 7 = 0. Let h(o) = 4*o - 4. Let p be h(f). Let k(v) = -63*v + 888. Let d be k(12). What is the highest common factor of p and d?
12
Suppose 5*z + 228 = -2*s, -s = -z + 4*z + 116. Let i = 148 + s. Calculate the greatest common divisor of 220 and i.
44
Suppose 200 = s + 202, 0 = 2*i - s - 18. What is the greatest common factor of 150 and i?
2
Let o be 11 - 14 - 750/(-10). Calculate the greatest common factor of 1224 and o.
72
Let s(p) = 241*p + 2. Let v be s(3). Let g = -8750 - -8779. What is the greatest common divisor of g and v?
29
Let c(g) = g**2 - 8*g + 1. Let q = 775 - 765. Let j be c(q). Calculate the highest common factor of j and 189.
21
Suppose 4 = n - 3*h + 16, -3*n + 3*h - 6 = 0. Let k(v) = 9*v + 74. Let f be k(-8). What is the greatest common factor of n and f?
1
Let f(t) = t - 44*t - 84 + 25*t. Let y be f(-7). Calculate the highest common divisor of 56 and y.
14
Let y = -24 + 31. Let m = -7 + y. Suppose 3*a - 5*a + 48 = m. What is the greatest common factor of a and 6?
6
Let f = -152 + 150. Let z be (11 + -19)/(2/(-4)) - f. What is the highest common divisor of z and 54?
18
Let y(z) = 22*z**2 - 7*z - 163. Let k be y(-17). Calculate the greatest common factor of k and 154.
154
Suppose 21*x - 2224 = -271. What is the greatest common divisor of x and 2697?
93
Let q(y) = 7*y**2 - 29*y - 2050. Let z be q(-33). Calculate the greatest common divisor of 10 and z.
10
Let t = 1528 + -2426. Let v = t - -917. What is the greatest common divisor of 1 and v?
1
Suppose 41*i + 56875 = 76*i. What is the highest common factor of 50 and i?
25
Let o be 324/(-594) - 3614/(-11). Suppose o = 53*v - 520. What is the highest common factor of v and 216?
8
Suppose 4*u = -4*n - 1681 + 4973, 0 = -4*u - 5*n + 3296. Let l be -1 + ((-8)/(-6))/(42/u). Calculate the highest common factor of l and 25.
25
Let m = 4256 - 4179. Let q = 78 - -153. Calculate the greatest common factor of m and q.
77
Let f = -35 + 413. Suppose 5*b - 418 = -f. Suppose 5*i - 4*o + 0*o - 340 = 0, 3*o - 113 = -2*i. Calculate the highest common divisor of i and b.
8
Suppose 0 = u - 9*r + 13*r, -5*u - 3*r = 0. Suppose u = -356*c + 358*c - 114. Calculate the greatest common divisor of c and 9.
3
Let u(m) = -m + 18. Let r be u(-2). Suppose -2*g = 2*g - 3*l - 1351, -2*l - 1694 = -5*g. Calculate the highest common divisor of g and r.
20
Let p(m) = m**2 + 5*m - 186. Let f be p(-17). Let i = 18 - 12. Let b = -4 + i. Calculate the greatest common factor of b and f.
2
Let q = -178 - -240. Suppose 0 = 3*f - 4*l - 732, 9*f - 7*f - 2*l - 490 = 0. What is the highest common divisor of q and f?
62
Let p = -1212 + 446. Let t = p - -810. Calculate the greatest common factor of t and 1232.
44
Let d = -5901 - -6752. Calculate the highest common factor of d and 23.
23
Suppose -d + 7488 = 8*d. Suppose 26 = b - 38. What is the highest common divisor of d and b?
64
Let p(i) = 7*i**2 + 44 - 8*i**2 - 26 + 12*i - i**2. Let c be p(7). What is the highest common divisor of c and 116?
4
Let t be 20 - (36/45 - 14/5). Let u be t/264 + (-527)/(-12). Calculate the greatest common divisor of 4 and u.
4
Let k = 44 + 209. Suppose -5*b - 9 = -4*l - 0*b, 0 = 5*l + 4*b - 1. Let s be (l + -2)/(1/(-23)). What is the greatest common divisor of k and s?
23
Let h be ((-722)/76)/(4038/2020 + -2). Calculate the highest common factor of 95 and h.
95
Let g = -515 - -340. Let h = g + 431. Calculate the greatest common divisor of 48 and h.
16
Let q be (-1)/3 - (4 - 75/9). Suppose 5*h = -4*z + 295, q*z = 3*h + 5*z - 170. Let x = h + -51. Calculate the highest common factor of x and 4.
4
Let c(h) = -h**2 - 13*h - 46. Let k be c(-5). Let s(j) = -j**2 - 11*j. Let w be s(k). Calculate the highest common divisor of 45 and w.
15
Let p(m) = 320*m - 4924. Let i be p(16). What is the greatest common factor of i and 2044?
28
Let k(y) = y**3 - 19*y**2 + 19*y + 15. Let o be k(18). Suppose o*m = 35*m. Let c be (301/3 - m) + (-43)/129. What is the highest common divisor of 25 and c?
25
Suppose -9*x + 28125 = 15*x - 9*x. What is the highest common factor of x and 5?
5
Let v = -24 - -24. Suppose i + 20 = 4*j - v*i, 4*i = 0. Suppose j*m = -20 + 95. Calculate the highest common factor of m and 5.
5
Let d be 1398/8 - (-1)/(4 + 0). Suppose 5*n + 145 + d = 0. Let a = n + 72. Calculate the highest common divisor of 16 and a.
8
Suppose -50*w + 23*w = 73*w - 66300. What is the highest common factor of 975 and w?
39
Let i(y) = -y**2 + 4*y + 4. Let v be i(5). Let n be 5/6 + v + 195/90. What is the greatest common factor of n and 2?
2
Suppose -4*p = -3*p - 2*h - 545, p + 2*h = 549. Let o = p - 140. Calculate the highest common divisor of o and 11.
11
Let t(d) = -2*d**3 + 2*d**2 - 43*d - 123. Let s be t(-3). Calculate the greatest common divisor of 1014 and s.
78
Suppose -4*y + 4*n = -30208, -22644 = -3*y - 80*n + 77*n. What is the highest common divisor of y and 50?
50
Suppose 136774 = 72*y - 10610. Calculate the greatest common divisor of 1602 and y.
89
Let g(m) = -2*m - 4 - 3*m + 7 + 30. Let y be g(7). Let p be (-5)/((-14)/6 - y). What is the highest common divisor of 25 and p?
5
Let i be (-1 + 1 + 56)/(2/103). What is the highest common divisor of i and 28?
28
Suppose -3*p = -g + 618, 96*p = -3*g + 98*p + 1840. Calculate the greatest common divisor of 3009 and g.
51
Let d = -25 + 86. Let c = d -